{"id":10278,"date":"2025-04-23T17:55:23","date_gmt":"2025-04-23T15:55:23","guid":{"rendered":"https:\/\/icem-www.folkwang-uni.de\/icem-web\/?page_id=10278"},"modified":"2025-04-23T17:55:23","modified_gmt":"2025-04-23T15:55:23","slug":"kammermusiksaal-variable-akustik","status":"publish","type":"page","link":"https:\/\/icem-www.folkwang-uni.de\/icem-web\/nutzliche-dokumente\/kammermusiksaal-variable-akustik\/","title":{"rendered":"Kammermusiksaal Variable Akustik"},"content":{"rendered":"\n<p>Der Kammermusiksaal wird f\u00fcr viele verschiedene Arten von Veranstaltungen genutzt. Die bisherige Akustik, also die Art und Weise, wie der Raum den Klang des Vortrags beantwortet und beeinflu\u00dft, entsprach selten den klanglichen Bed\u00fcrfnissen und Vorstellungen. Die Aufgabe war es daher, den Saal akustisch universeller nutzbar zu machen. Die Planung orientierte sich dabei an historischen Erkenntnissen zum Nachhallverlauf in den besten Konzert- und Kammermusiks\u00e4len (sog. S-Kurve).<\/p>\n\n\n\n<p>Es erfolgte der Einbau von fest installierten Schlitzabsorbern * an den Seitenw\u00e4nden und im Giebelbereich. Dadurch wirkt die Akustik des Saals heller und leichter und damit auch generell definierter und durchsichtiger, bei noch geschlossenen Klappabsorbern ** im Front- und R\u00fcckwandbereich.<br>Die Klappabsorber bieten im geschlossenem Zustand (optisch: Ziehharmonika) maximale Diffusion, zum Beispiel f\u00fcr Streicherbesetzungen oder Solisten.<\/p>\n\n\n\n<p>\u00d6ffnet man diese Absorberklappen sukzessive, legen Sprachverst\u00e4ndlichkeit oder Definition der Instrumente deutlich zu, so dass auch Vortr\u00e4ge, Diskussionsrunden und Veranstaltungen im Kongress\/Tagungsstil ohne Probleme mit hervorragender Sprachverst\u00e4ndlichkeit durchgef\u00fchrt werden k\u00f6nnen.<br>Werden die Klappen komplett ge\u00f6ffnet, wird das Abklingverhalten bzw. der Nachhall des Saals h\u00f6rbar breitbandig verk\u00fcrzt. Da die Klappen auch nur einzeln, in Gruppen oder teilweise ge\u00f6ffnet werden k\u00f6nnen, bietet sich ein k\u00fcnstlerisch-kreativer Gestaltungsfreiraum als Benutzerzugriff f\u00fcr unterschiedliche Anwendungsszenarien: Die Entfaltung des Instrumentenklangs im Saal individuell anzupassen.<\/p>\n\n\n\n<h4 class=\"wp-block-heading\">Empfehlungen:<\/h4>\n\n\n\n<ol class=\"wp-block-list\"><li>Kleine Ensembles mit Publikum: frontale Absorber an der B\u00fchnenseite vollst\u00e4ndig geschlossen oder, je nach Geschmack, partiell ge\u00f6ffnet (50 %), Absorber an der R\u00fcckwand vollst\u00e4ndig ge\u00f6ffnet.<\/li><li>Kleine Ensembles ohne Publikum: alle Absorber vollst\u00e4ndig ge\u00f6ffnet, auf der B\u00fchnenseite nach Geschmack 50 % geschlossen.<\/li><li>Fl\u00fcgel mit oder ohne Publikum: alle Absorber-Klappen ge\u00f6ffnet, nach Geschmack R\u00fcckwand 50 %.<\/li><li>Bl\u00e4ser-Besetzungen mit und ohne Publikum: alle Absorber ge\u00f6ffnet.<\/li><li>Streichersolisten mit Publikum: alle Absorber geschlossen.<\/li><li>Streichersolisten ohne Publikum: Absorber an der R\u00fcckwand ge\u00f6ffnet.<\/li><li>Vortr\u00e4ge, Diskussionen etc.: alle Absorber ge\u00f6ffnet.<\/li><\/ol>\n\n\n\n<p class=\"has-small-font-size\">*\u00a0Schlitzabsorber: Gro\u00dfz\u00fcgig frequenzselektiv im Bereich von 300 Hz wirkend<\/p>\n\n\n\n<p class=\"has-small-font-size\">** Klappabsorber: Im geschlossenem Zustand (optisch: Ziehharmonika) max. Diffusion, im ge\u00f6ffneten Zustand max. breitbandige Absorption<\/p>\n\n\n\n<div style=\"height:20px\" aria-hidden=\"true\" class=\"wp-block-spacer\"><\/div>\n\n\n\n<h3 class=\"has-text-align-center wp-block-heading\">Aufsicht auf die Klappabsorber und deren bewegliche Klappen:<\/h3>\n\n\n\n<div class=\"wp-block-image\"><figure class=\"aligncenter size-medium\"><img loading=\"lazy\" decoding=\"async\" width=\"632\" height=\"261\" src=\"https:\/\/icem-www.folkwang-uni.de\/icem-web\/wp-content\/uploads\/2025\/04\/Aufsicht-632x261.png\" alt=\"\" class=\"wp-image-10282\" srcset=\"https:\/\/icem-www.folkwang-uni.de\/icem-web\/wp-content\/uploads\/2025\/04\/Aufsicht-632x261.png 632w, https:\/\/icem-www.folkwang-uni.de\/icem-web\/wp-content\/uploads\/2025\/04\/Aufsicht-600x248.png 600w, https:\/\/icem-www.folkwang-uni.de\/icem-web\/wp-content\/uploads\/2025\/04\/Aufsicht.png 819w\" sizes=\"auto, (max-width: 632px) 100vw, 632px\" \/><\/figure><\/div>\n\n\n\n<h3 class=\"has-text-align-center wp-block-heading\">Klappabsorber Ansicht:<\/h3>\n\n\n\n<div class=\"wp-block-columns is-layout-flex wp-container-core-columns-is-layout-9d6595d7 wp-block-columns-is-layout-flex\">\n<div class=\"wp-block-column is-layout-flow wp-block-column-is-layout-flow\">\n<figure class=\"wp-block-image size-full is-resized\"><img loading=\"lazy\" decoding=\"async\" src=\"https:\/\/icem-www.folkwang-uni.de\/icem-web\/wp-content\/uploads\/2025\/04\/Ansicht-Geschlossen.png\" alt=\"\" class=\"wp-image-10283\" width=\"389\" height=\"851\"\/><\/figure>\n<\/div>\n\n\n\n<div class=\"wp-block-column is-layout-flow wp-block-column-is-layout-flow\">\n<figure class=\"wp-block-image size-full is-resized\"><img loading=\"lazy\" decoding=\"async\" src=\"https:\/\/icem-www.folkwang-uni.de\/icem-web\/wp-content\/uploads\/2025\/04\/Ansicht-Offen.png\" alt=\"\" class=\"wp-image-10284\" width=\"389\" height=\"869\"\/><\/figure>\n<\/div>\n<\/div>\n\n\n\n<figure class=\"wp-block-table has-small-font-size\"><table><tbody><tr><td class=\"has-text-align-right\" data-align=\"right\">Planung:<\/td><td>Fritz Fey \/ Studio Concept<\/td><\/tr><tr><td class=\"has-text-align-right\" data-align=\"right\">Ausf\u00fchrung:<\/td><td>TAS \/ Wolfgang Deus \/ M\u00e4rz 2025<\/td><\/tr><tr><td class=\"has-text-align-right\" data-align=\"right\">Begleitung FUdK:<\/td><td>Maximilian F. Schmitz \/ maximilian.schmitz@folkwang-uni.de<\/td><\/tr><\/tbody><\/table><\/figure>\n","protected":false},"excerpt":{"rendered":"<p>Der Kammermusiksaal wird f\u00fcr viele verschiedene Arten von Veranstaltungen genutzt. Die bisherige Akustik, also die Art und Weise, wie der<\/p>\n","protected":false},"author":15,"featured_media":0,"parent":1125,"menu_order":0,"comment_status":"closed","ping_status":"closed","template":"","meta":{"_acf_changed":false,"footnotes":""},"class_list":["post-10278","page","type-page","status-publish","hentry"],"acf":[],"_links":{"self":[{"href":"https:\/\/icem-www.folkwang-uni.de\/icem-web\/wp-json\/wp\/v2\/pages\/10278","targetHints":{"allow":["GET"]}}],"collection":[{"href":"https:\/\/icem-www.folkwang-uni.de\/icem-web\/wp-json\/wp\/v2\/pages"}],"about":[{"href":"https:\/\/icem-www.folkwang-uni.de\/icem-web\/wp-json\/wp\/v2\/types\/page"}],"author":[{"embeddable":true,"href":"https:\/\/icem-www.folkwang-uni.de\/icem-web\/wp-json\/wp\/v2\/users\/15"}],"replies":[{"embeddable":true,"href":"https:\/\/icem-www.folkwang-uni.de\/icem-web\/wp-json\/wp\/v2\/comments?post=10278"}],"version-history":[{"count":1,"href":"https:\/\/icem-www.folkwang-uni.de\/icem-web\/wp-json\/wp\/v2\/pages\/10278\/revisions"}],"predecessor-version":[{"id":10285,"href":"https:\/\/icem-www.folkwang-uni.de\/icem-web\/wp-json\/wp\/v2\/pages\/10278\/revisions\/10285"}],"up":[{"embeddable":true,"href":"https:\/\/icem-www.folkwang-uni.de\/icem-web\/wp-json\/wp\/v2\/pages\/1125"}],"wp:attachment":[{"href":"https:\/\/icem-www.folkwang-uni.de\/icem-web\/wp-json\/wp\/v2\/media?parent=10278"}],"curies":[{"name":"wp","href":"https:\/\/api.w.org\/{rel}","templated":true}]}}

<p>Der Kammermusiksaal wird für viele verschiedene Arten von Veranstaltungen genutzt. Die bisherige Akustik, also die Art und Weise, wie der Raum den Klang des Vortrags beantwortet und beeinflußt, entsprach selten den klanglichen Bedürfnissen und Vorstellungen. Die Aufgabe war es daher, den Saal akustisch universeller nutzbar zu machen. Die Planung orientierte sich dabei an historischen Erkenntnissen zum Nachhallverlauf in den besten Konzert- und Kammermusiksälen (sog. S-Kurve).</p>



<p>Es erfolgte der Einbau von fest installierten Schlitzabsorbern * an den Seitenwänden und im Giebelbereich. Dadurch wirkt die Akustik des Saals heller und leichter und damit auch generell definierter und durchsichtiger, bei noch geschlossenen Klappabsorbern ** im Front- und Rückwandbereich.<br>Die Klappabsorber bieten im geschlossenem Zustand (optisch: Ziehharmonika) maximale Diffusion, zum Beispiel für Streicherbesetzungen oder Solisten.</p>



<p>Öffnet man diese Absorberklappen sukzessive, legen Sprachverständlichkeit oder Definition der Instrumente deutlich zu, so dass auch Vorträge, Diskussionsrunden und Veranstaltungen im Kongress/Tagungsstil ohne Probleme mit hervorragender Sprachverständlichkeit durchgeführt werden können.<br>Werden die Klappen komplett geöffnet, wird das Abklingverhalten bzw. der Nachhall des Saals hörbar breitbandig verkürzt. Da die Klappen auch nur einzeln, in Gruppen oder teilweise geöffnet werden können, bietet sich ein künstlerisch-kreativer Gestaltungsfreiraum als Benutzerzugriff für unterschiedliche Anwendungsszenarien: Die Entfaltung des Instrumentenklangs im Saal individuell anzupassen.</p>



<h4 class="wp-block-heading">Empfehlungen:</h4>



<ol class="wp-block-list"><li>Kleine Ensembles mit Publikum: frontale Absorber an der Bühnenseite vollständig geschlossen oder, je nach Geschmack, partiell geöffnet (50 %), Absorber an der Rückwand vollständig geöffnet.</li><li>Kleine Ensembles ohne Publikum: alle Absorber vollständig geöffnet, auf der Bühnenseite nach Geschmack 50 % geschlossen.</li><li>Flügel mit oder ohne Publikum: alle Absorber-Klappen geöffnet, nach Geschmack Rückwand 50 %.</li><li>Bläser-Besetzungen mit und ohne Publikum: alle Absorber geöffnet.</li><li>Streichersolisten mit Publikum: alle Absorber geschlossen.</li><li>Streichersolisten ohne Publikum: Absorber an der Rückwand geöffnet.</li><li>Vorträge, Diskussionen etc.: alle Absorber geöffnet.</li></ol>



<p class="has-small-font-size">* Schlitzabsorber: Großzügig frequenzselektiv im Bereich von 300 Hz wirkend</p>



<p class="has-small-font-size">** Klappabsorber: Im geschlossenem Zustand (optisch: Ziehharmonika) max. Diffusion, im geöffneten Zustand max. breitbandige Absorption</p>



<div style="height:20px" aria-hidden="true" class="wp-block-spacer"></div>



<h3 class="has-text-align-center wp-block-heading">Aufsicht auf die Klappabsorber und deren bewegliche Klappen:</h3>



<div class="wp-block-image"><figure class="aligncenter size-medium"><img loading="lazy" decoding="async" width="632" height="261" src="https://icem-www.folkwang-uni.de/icem-web/wp-content/uploads/2025/04/Aufsicht-632x261.png" alt="" class="wp-image-10282" srcset="https://icem-www.folkwang-uni.de/icem-web/wp-content/uploads/2025/04/Aufsicht-632x261.png 632w, https://icem-www.folkwang-uni.de/icem-web/wp-content/uploads/2025/04/Aufsicht-600x248.png 600w, https://icem-www.folkwang-uni.de/icem-web/wp-content/uploads/2025/04/Aufsicht.png 819w" sizes="auto, (max-width: 632px) 100vw, 632px" /></figure></div>



<h3 class="has-text-align-center wp-block-heading">Klappabsorber Ansicht:</h3>



<div class="wp-block-columns is-layout-flex wp-container-core-columns-is-layout-9d6595d7 wp-block-columns-is-layout-flex">
<div class="wp-block-column is-layout-flow wp-block-column-is-layout-flow">
<figure class="wp-block-image size-full is-resized"><img loading="lazy" decoding="async" src="https://icem-www.folkwang-uni.de/icem-web/wp-content/uploads/2025/04/Ansicht-Geschlossen.png" alt="" class="wp-image-10283" width="389" height="851"/></figure>
</div>



<div class="wp-block-column is-layout-flow wp-block-column-is-layout-flow">
<figure class="wp-block-image size-full is-resized"><img loading="lazy" decoding="async" src="https://icem-www.folkwang-uni.de/icem-web/wp-content/uploads/2025/04/Ansicht-Offen.png" alt="" class="wp-image-10284" width="389" height="869"/></figure>
</div>
</div>



<figure class="wp-block-table has-small-font-size"><table><tbody><tr><td class="has-text-align-right" data-align="right">Planung:</td><td>Fritz Fey / Studio Concept</td></tr><tr><td class="has-text-align-right" data-align="right">Ausführung:</td><td>TAS / Wolfgang Deus / März 2025</td></tr><tr><td class="has-text-align-right" data-align="right">Begleitung FUdK:</td><td>Maximilian F. Schmitz / maximilian.schmitz@folkwang-uni.de</td></tr></tbody></table></figure>

<p>Der Kammermusiksaal wird für viele verschiedene Arten von Veranstaltungen genutzt. Die bisherige Akustik, also die Art und Weise, wie der</p>
