{"id":145,"date":"2012-02-15T16:05:26","date_gmt":"2012-02-15T15:05:26","guid":{"rendered":"http:\/\/icem-www.folkwang-uni.de\/icem-web\/?page_id=145"},"modified":"2018-06-29T13:36:45","modified_gmt":"2018-06-29T11:36:45","slug":"elektronisches-studio-1","status":"publish","type":"page","link":"https:\/\/icem-www.folkwang-uni.de\/icem-web\/studios-anlagen\/elektronisches-studio-1\/","title":{"rendered":"Elektronisches Studio 1"},"content":{"rendered":"<p><a href=\"https:\/\/icem-www.folkwang-uni.de\/icem-web\/wp-content\/uploads\/2018\/04\/ICEM-Studios_DSC09399.jpg\"><img loading=\"lazy\" decoding=\"async\" class=\"alignnone wp-image-6003 size-large\" src=\"https:\/\/icem-www.folkwang-uni.de\/icem-web\/wp-content\/uploads\/2018\/04\/ICEM-Studios_DSC09399-1020x680.jpg\" alt=\"ICEM Studio 1 (c) Rebecca ter Braak\" width=\"840\" height=\"560\" srcset=\"https:\/\/icem-www.folkwang-uni.de\/icem-web\/wp-content\/uploads\/2018\/04\/ICEM-Studios_DSC09399-1020x680.jpg 1020w, https:\/\/icem-www.folkwang-uni.de\/icem-web\/wp-content\/uploads\/2018\/04\/ICEM-Studios_DSC09399-632x421.jpg 632w, https:\/\/icem-www.folkwang-uni.de\/icem-web\/wp-content\/uploads\/2018\/04\/ICEM-Studios_DSC09399-768x512.jpg 768w, https:\/\/icem-www.folkwang-uni.de\/icem-web\/wp-content\/uploads\/2018\/04\/ICEM-Studios_DSC09399-600x400.jpg 600w, https:\/\/icem-www.folkwang-uni.de\/icem-web\/wp-content\/uploads\/2018\/04\/ICEM-Studios_DSC09399-120x80.jpg 120w, https:\/\/icem-www.folkwang-uni.de\/icem-web\/wp-content\/uploads\/2018\/04\/ICEM-Studios_DSC09399.jpg 1920w\" sizes=\"auto, (max-width: 840px) 100vw, 840px\" \/><\/a><\/p>\n<p>Dieses ist das gr\u00f6\u00dfte unserer Elektronischen Studios. Es ist flexibel konfigurierbar f\u00fcr Produktion, Live-Elektronik, 3D-Audio, Unterricht und Vortr\u00e4ge.<\/p>\n<p>Besonderheiten:<\/p>\n<ul>\n<li>Tageslicht-Studio mit 4 Fenstern an zwei parallelen Seitenw\u00e4nden<\/li>\n<li>Grundfl\u00e4che etwa 95 Quadratmeter<\/li>\n<li>Mehrzweck-Akustik<\/li>\n<li>Doppel-Fu\u00dfboden f\u00fcr einfache Kabelf\u00fchrung<\/li>\n<li>Unterrichts-Sektion mit Tischen und St\u00fchlen f\u00fcr etwa 15 Personen<\/li>\n<li>Tafel, gro\u00dfe Roll-Leinwand und\u00a0Video-Beamer\u00a0f\u00fcr den Unterricht<\/li>\n<li>4-Kanal Monitorsystem Genelec 1038A<\/li>\n<li>20.1-Kanal 3d-Audio System (Genelec 8030A, 1038A und und\u00a0Subwoofer\u00a01092A)<\/li>\n<li>DANTE Audio Netzwerk<\/li>\n<li>Astro Spatial Audio 3D Audio Rendering Engine<\/li>\n<li><span style=\"font-size: 1.0625rem;\">Harddisk-Recording-System\u00a0Steinberg\u00a0Cubase und Apple Logic Pro auf Macintosh-Basis<\/span><\/li>\n<li>Universal Audio Apollo 8 quad Audio interface<\/li>\n<li><span style=\"font-size: 1.0625rem;\">Elektronische Abh\u00f6rsteuerung Audio216 Zweikanal und Vierkanal<\/span><\/li>\n<li><span style=\"font-size: 1.0625rem;\">Anschluss f\u00fcr Notebook-Rechner per \u00a0Audio-Symmetrierer, Focusrite Scarlett Audio\u00a0<\/span>Interface oder DANTE<\/li>\n<li>Anschluss an das Studionetzwerk \u00fcber Ethernet<\/li>\n<li>Analoge Verbindungsleitungen zu den anderen Studios, in die Neue Aula und in den Kammermusiksaal (z.Zt. nicht aktiv)<\/li>\n<li>YAMAHA C5 Fl\u00fcgel mit Disklavier und MIDI Steuerung<\/li>\n<\/ul>\n<p><a href=\"https:\/\/icem-www.folkwang-uni.de\/icem-web\/wp-content\/uploads\/2018\/04\/ICEM-Studios_DSC09400.jpg\"><img loading=\"lazy\" decoding=\"async\" class=\"alignnone wp-image-6006\" src=\"https:\/\/icem-www.folkwang-uni.de\/icem-web\/wp-content\/uploads\/2018\/04\/ICEM-Studios_DSC09400-480x280.jpg\" alt=\"ICEM Studio 1 (c) Rebecca ter Braak\" width=\"350\" height=\"233\" srcset=\"https:\/\/icem-www.folkwang-uni.de\/icem-web\/wp-content\/uploads\/2018\/04\/ICEM-Studios_DSC09400-632x421.jpg 632w, https:\/\/icem-www.folkwang-uni.de\/icem-web\/wp-content\/uploads\/2018\/04\/ICEM-Studios_DSC09400-768x512.jpg 768w, https:\/\/icem-www.folkwang-uni.de\/icem-web\/wp-content\/uploads\/2018\/04\/ICEM-Studios_DSC09400-1020x680.jpg 1020w, https:\/\/icem-www.folkwang-uni.de\/icem-web\/wp-content\/uploads\/2018\/04\/ICEM-Studios_DSC09400-600x400.jpg 600w, https:\/\/icem-www.folkwang-uni.de\/icem-web\/wp-content\/uploads\/2018\/04\/ICEM-Studios_DSC09400-120x80.jpg 120w, https:\/\/icem-www.folkwang-uni.de\/icem-web\/wp-content\/uploads\/2018\/04\/ICEM-Studios_DSC09400.jpg 1920w\" sizes=\"auto, (max-width: 350px) 100vw, 350px\" \/><\/a> <a href=\"https:\/\/icem-www.folkwang-uni.de\/icem-web\/wp-content\/uploads\/2018\/04\/ICEM-Studios_DSC09401.jpg\"><img loading=\"lazy\" decoding=\"async\" class=\"alignnone wp-image-6005\" src=\"https:\/\/icem-www.folkwang-uni.de\/icem-web\/wp-content\/uploads\/2018\/04\/ICEM-Studios_DSC09401-480x280.jpg\" alt=\"ICEM Studio 1 (c) Rebecca ter Braak\" width=\"350\" height=\"233\" srcset=\"https:\/\/icem-www.folkwang-uni.de\/icem-web\/wp-content\/uploads\/2018\/04\/ICEM-Studios_DSC09401-632x421.jpg 632w, https:\/\/icem-www.folkwang-uni.de\/icem-web\/wp-content\/uploads\/2018\/04\/ICEM-Studios_DSC09401-768x512.jpg 768w, https:\/\/icem-www.folkwang-uni.de\/icem-web\/wp-content\/uploads\/2018\/04\/ICEM-Studios_DSC09401-1020x680.jpg 1020w, https:\/\/icem-www.folkwang-uni.de\/icem-web\/wp-content\/uploads\/2018\/04\/ICEM-Studios_DSC09401-600x400.jpg 600w, https:\/\/icem-www.folkwang-uni.de\/icem-web\/wp-content\/uploads\/2018\/04\/ICEM-Studios_DSC09401-120x80.jpg 120w, https:\/\/icem-www.folkwang-uni.de\/icem-web\/wp-content\/uploads\/2018\/04\/ICEM-Studios_DSC09401.jpg 1920w\" sizes=\"auto, (max-width: 350px) 100vw, 350px\" \/><\/a><\/p>\n<p>Kontakt: <a href=\"https:\/\/icem-www.folkwang-uni.de\/icem-web\/kontaktformular?an=galberg\">Ralf Galberg<\/a><\/p>\n","protected":false},"excerpt":{"rendered":"<p>Dieses ist das gr\u00f6\u00dfte unserer Elektronischen Studios. Es ist flexibel konfigurierbar f\u00fcr Produktion, Live-Elektronik, 3D-Audio, Unterricht und Vortr\u00e4ge. Besonderheiten: Tageslicht-Studio<\/p>\n","protected":false},"author":1,"featured_media":0,"parent":30,"menu_order":0,"comment_status":"closed","ping_status":"closed","template":"","meta":{"_acf_changed":false,"footnotes":""},"class_list":["post-145","page","type-page","status-publish","hentry"],"acf":[],"_links":{"self":[{"href":"https:\/\/icem-www.folkwang-uni.de\/icem-web\/wp-json\/wp\/v2\/pages\/145","targetHints":{"allow":["GET"]}}],"collection":[{"href":"https:\/\/icem-www.folkwang-uni.de\/icem-web\/wp-json\/wp\/v2\/pages"}],"about":[{"href":"https:\/\/icem-www.folkwang-uni.de\/icem-web\/wp-json\/wp\/v2\/types\/page"}],"author":[{"embeddable":true,"href":"https:\/\/icem-www.folkwang-uni.de\/icem-web\/wp-json\/wp\/v2\/users\/1"}],"replies":[{"embeddable":true,"href":"https:\/\/icem-www.folkwang-uni.de\/icem-web\/wp-json\/wp\/v2\/comments?post=145"}],"version-history":[{"count":22,"href":"https:\/\/icem-www.folkwang-uni.de\/icem-web\/wp-json\/wp\/v2\/pages\/145\/revisions"}],"predecessor-version":[{"id":6457,"href":"https:\/\/icem-www.folkwang-uni.de\/icem-web\/wp-json\/wp\/v2\/pages\/145\/revisions\/6457"}],"up":[{"embeddable":true,"href":"https:\/\/icem-www.folkwang-uni.de\/icem-web\/wp-json\/wp\/v2\/pages\/30"}],"wp:attachment":[{"href":"https:\/\/icem-www.folkwang-uni.de\/icem-web\/wp-json\/wp\/v2\/media?parent=145"}],"curies":[{"name":"wp","href":"https:\/\/api.w.org\/{rel}","templated":true}]}}

<p><a href="https://icem-www.folkwang-uni.de/icem-web/wp-content/uploads/2018/04/ICEM-Studios_DSC09399.jpg"><img loading="lazy" decoding="async" class="alignnone wp-image-6003 size-large" src="https://icem-www.folkwang-uni.de/icem-web/wp-content/uploads/2018/04/ICEM-Studios_DSC09399-1020x680.jpg" alt="ICEM Studio 1 (c) Rebecca ter Braak" width="840" height="560" srcset="https://icem-www.folkwang-uni.de/icem-web/wp-content/uploads/2018/04/ICEM-Studios_DSC09399-1020x680.jpg 1020w, https://icem-www.folkwang-uni.de/icem-web/wp-content/uploads/2018/04/ICEM-Studios_DSC09399-632x421.jpg 632w, https://icem-www.folkwang-uni.de/icem-web/wp-content/uploads/2018/04/ICEM-Studios_DSC09399-768x512.jpg 768w, https://icem-www.folkwang-uni.de/icem-web/wp-content/uploads/2018/04/ICEM-Studios_DSC09399-600x400.jpg 600w, https://icem-www.folkwang-uni.de/icem-web/wp-content/uploads/2018/04/ICEM-Studios_DSC09399-120x80.jpg 120w, https://icem-www.folkwang-uni.de/icem-web/wp-content/uploads/2018/04/ICEM-Studios_DSC09399.jpg 1920w" sizes="auto, (max-width: 840px) 100vw, 840px" /></a></p>
<p>Dieses ist das größte unserer Elektronischen Studios. Es ist flexibel konfigurierbar für Produktion, Live-Elektronik, 3D-Audio, Unterricht und Vorträge.</p>
<p>Besonderheiten:</p>
<ul>
<li>Tageslicht-Studio mit 4 Fenstern an zwei parallelen Seitenwänden</li>
<li>Grundfläche etwa 95 Quadratmeter</li>
<li>Mehrzweck-Akustik</li>
<li>Doppel-Fußboden für einfache Kabelführung</li>
<li>Unterrichts-Sektion mit Tischen und Stühlen für etwa 15 Personen</li>
<li>Tafel, große Roll-Leinwand und Video-Beamer für den Unterricht</li>
<li>4-Kanal Monitorsystem Genelec 1038A</li>
<li>20.1-Kanal 3d-Audio System (Genelec 8030A, 1038A und und Subwoofer 1092A)</li>
<li>DANTE Audio Netzwerk</li>
<li>Astro Spatial Audio 3D Audio Rendering Engine</li>
<li><span style="font-size: 1.0625rem;">Harddisk-Recording-System Steinberg Cubase und Apple Logic Pro auf Macintosh-Basis</span></li>
<li>Universal Audio Apollo 8 quad Audio interface</li>
<li><span style="font-size: 1.0625rem;">Elektronische Abhörsteuerung Audio216 Zweikanal und Vierkanal</span></li>
<li><span style="font-size: 1.0625rem;">Anschluss für Notebook-Rechner per  Audio-Symmetrierer, Focusrite Scarlett Audio </span>Interface oder DANTE</li>
<li>Anschluss an das Studionetzwerk über Ethernet</li>
<li>Analoge Verbindungsleitungen zu den anderen Studios, in die Neue Aula und in den Kammermusiksaal (z.Zt. nicht aktiv)</li>
<li>YAMAHA C5 Flügel mit Disklavier und MIDI Steuerung</li>
</ul>
<p><a href="https://icem-www.folkwang-uni.de/icem-web/wp-content/uploads/2018/04/ICEM-Studios_DSC09400.jpg"><img loading="lazy" decoding="async" class="alignnone wp-image-6006" src="https://icem-www.folkwang-uni.de/icem-web/wp-content/uploads/2018/04/ICEM-Studios_DSC09400-480x280.jpg" alt="ICEM Studio 1 (c) Rebecca ter Braak" width="350" height="233" srcset="https://icem-www.folkwang-uni.de/icem-web/wp-content/uploads/2018/04/ICEM-Studios_DSC09400-632x421.jpg 632w, https://icem-www.folkwang-uni.de/icem-web/wp-content/uploads/2018/04/ICEM-Studios_DSC09400-768x512.jpg 768w, https://icem-www.folkwang-uni.de/icem-web/wp-content/uploads/2018/04/ICEM-Studios_DSC09400-1020x680.jpg 1020w, https://icem-www.folkwang-uni.de/icem-web/wp-content/uploads/2018/04/ICEM-Studios_DSC09400-600x400.jpg 600w, https://icem-www.folkwang-uni.de/icem-web/wp-content/uploads/2018/04/ICEM-Studios_DSC09400-120x80.jpg 120w, https://icem-www.folkwang-uni.de/icem-web/wp-content/uploads/2018/04/ICEM-Studios_DSC09400.jpg 1920w" sizes="auto, (max-width: 350px) 100vw, 350px" /></a> <a href="https://icem-www.folkwang-uni.de/icem-web/wp-content/uploads/2018/04/ICEM-Studios_DSC09401.jpg"><img loading="lazy" decoding="async" class="alignnone wp-image-6005" src="https://icem-www.folkwang-uni.de/icem-web/wp-content/uploads/2018/04/ICEM-Studios_DSC09401-480x280.jpg" alt="ICEM Studio 1 (c) Rebecca ter Braak" width="350" height="233" srcset="https://icem-www.folkwang-uni.de/icem-web/wp-content/uploads/2018/04/ICEM-Studios_DSC09401-632x421.jpg 632w, https://icem-www.folkwang-uni.de/icem-web/wp-content/uploads/2018/04/ICEM-Studios_DSC09401-768x512.jpg 768w, https://icem-www.folkwang-uni.de/icem-web/wp-content/uploads/2018/04/ICEM-Studios_DSC09401-1020x680.jpg 1020w, https://icem-www.folkwang-uni.de/icem-web/wp-content/uploads/2018/04/ICEM-Studios_DSC09401-600x400.jpg 600w, https://icem-www.folkwang-uni.de/icem-web/wp-content/uploads/2018/04/ICEM-Studios_DSC09401-120x80.jpg 120w, https://icem-www.folkwang-uni.de/icem-web/wp-content/uploads/2018/04/ICEM-Studios_DSC09401.jpg 1920w" sizes="auto, (max-width: 350px) 100vw, 350px" /></a></p>
<p>Kontakt: <a href="https://icem-www.folkwang-uni.de/icem-web/kontaktformular?an=galberg">Ralf Galberg</a></p>

<p>Dieses ist das größte unserer Elektronischen Studios. Es ist flexibel konfigurierbar für Produktion, Live-Elektronik, 3D-Audio, Unterricht und Vorträge. Besonderheiten: Tageslicht-Studio</p>
