{"id":251,"date":"2012-02-15T18:40:57","date_gmt":"2012-02-15T17:40:57","guid":{"rendered":"http:\/\/icem-www.folkwang-uni.de\/icem-web\/?page_id=251"},"modified":"2018-06-29T15:28:22","modified_gmt":"2018-06-29T13:28:22","slug":"av-medien-studio","status":"publish","type":"page","link":"https:\/\/icem-www.folkwang-uni.de\/icem-web\/studios-anlagen\/av-medien-studio\/","title":{"rendered":"AV-Medienstudio"},"content":{"rendered":"<p><a href=\"https:\/\/icem-www.folkwang-uni.de\/icem-web\/wp-content\/uploads\/2018\/06\/ICEM-Medienstudio_DSC06081_web.jpg\"><img loading=\"lazy\" decoding=\"async\" class=\"alignnone wp-image-6385 size-large\" src=\"https:\/\/icem-www.folkwang-uni.de\/icem-web\/wp-content\/uploads\/2018\/06\/ICEM-Medienstudio_DSC06081_web-1020x681.jpg\" alt=\"Medienstudio ICEM (c) Rebecca ter Braak 2018\" width=\"840\" height=\"561\" srcset=\"https:\/\/icem-www.folkwang-uni.de\/icem-web\/wp-content\/uploads\/2018\/06\/ICEM-Medienstudio_DSC06081_web-1020x681.jpg 1020w, https:\/\/icem-www.folkwang-uni.de\/icem-web\/wp-content\/uploads\/2018\/06\/ICEM-Medienstudio_DSC06081_web-632x422.jpg 632w, https:\/\/icem-www.folkwang-uni.de\/icem-web\/wp-content\/uploads\/2018\/06\/ICEM-Medienstudio_DSC06081_web-768x512.jpg 768w, https:\/\/icem-www.folkwang-uni.de\/icem-web\/wp-content\/uploads\/2018\/06\/ICEM-Medienstudio_DSC06081_web-600x400.jpg 600w, https:\/\/icem-www.folkwang-uni.de\/icem-web\/wp-content\/uploads\/2018\/06\/ICEM-Medienstudio_DSC06081_web-120x80.jpg 120w, https:\/\/icem-www.folkwang-uni.de\/icem-web\/wp-content\/uploads\/2018\/06\/ICEM-Medienstudio_DSC06081_web.jpg 1920w\" sizes=\"auto, (max-width: 840px) 100vw, 840px\" \/><\/a><\/p>\n<div class=\"page\" title=\"Page 1\">\n<div class=\"layoutArea\">\n<div class=\"column\">\n<p>Das ICEM AV-Medienstudio ist f\u00fcr multimediale Produktionen jeglicher Art konzipiert. Hier k\u00f6nnen vom klassischen Filmprojekt (Schnitt) \u00fcber Videoinstallationen, Computeranimationen bis hin zu aufwendigen Mehrkanal-Video-Kompositionen unterschiedlichste Vorhaben realisiert werden.<\/p>\n<\/div>\n<\/div>\n<\/div>\n<p>Das Studio dient ausserdem als multimedialer Unterrichtsraum, in dem folgende Lehrveranstaltungen stattfinden:<\/p>\n<ul>\n<li>ZKF\/IKF Komposition &amp; Visualisierung (Einzel-\/Gruppenunterricht)<\/li>\n<li>MedienTheorie (Seminar)<\/li>\n<li>FilmAnalyse (Seminar)<\/li>\n<li>ComputerAnimation (Seminar)<\/li>\n<li>Grundlagen Kamera und Filmschnitt (Seminar)<\/li>\n<\/ul>\n<div class=\"page\" title=\"Page 1\">\n<div class=\"layoutArea\">\n<div class=\"column\">\n<p>Der Besuch der Seminare ist frei f\u00fcr alle Studieng\u00e4nge (Optionale Studien)<\/p>\n<\/div>\n<\/div>\n<\/div>\n<p>Das Studio besteht aus einem Hauptraum (WW212) mit 4 Arbeitspl\u00e4tzen, von denen zwei bei Bedarf in einen Nebenraum (WW213) umgeschaltet werden k\u00f6nnen. Dadurch sind diese unabh\u00e4ngig von den Lehrveranstaltungen f\u00fcr Studenten und Mitarbeiter w\u00e4hrend der \u00d6ffnungszeiten nutzbar.<\/p>\n<p>Besonderheiten Hauptraum WW212:<\/p>\n<ul>\n<li>Grundfl\u00e4che etwa 37 Quadratmeter<\/li>\n<li>Akustik-Design von Karlheinz Stegmaier (Studioplan, Berlin)<\/li>\n<li>Digital-Mischpult Yamaha 02R mit Meterbridge<\/li>\n<li>Studio-Abh\u00f6re\u00a0mit 5\u00a0Genelec\u00a01032A (2-Weg aktiv) in\u00a0IRT-Surround-Aufteilung\u00a0und\u00a0Subwoofer\u00a01094A (5.1-Konfiguration)<\/li>\n<li>Elektronische Abh\u00f6rsteuerung Audio216 Zweikanal, Vierkanal und Surround<\/li>\n<li>Analog-Steckfelder, Digital-Steckfelder und Studio-Verbindungsleitungen<\/li>\n<li>zwei Video-Kontroll-Monitore f\u00fcr 2D und 3D Inhalte (TVlogic TDM-243W und Sony LMD 2450W)<\/li>\n<li>HD-Beamer\u00a0mit Permanent-Gro\u00dfformat-Leinwand<\/li>\n<li>Computer-Animation mit Cinema4D<\/li>\n<li>Video-Schnittsystem\/Farbkorrektursystem DaVinci Resolve<\/li>\n<li>4K Hauptarbeitsplatz<\/li>\n<li>Farbkorrektur-Arbeitsplatz<\/li>\n<li>zwei zus\u00e4tzliche Rechner-Arbeitspl\u00e4tze mit Zugriff auf das 2D\/3D-Bearbeitungsprogramm<\/li>\n<li>MIDI-Master-Keyboard<\/li>\n<li>Rechner-Cluster\u00a0f\u00fcr\u00a0Rendering\/Computer-Animation (im Serverraum WW210)<\/li>\n<\/ul>\n<p><a href=\"https:\/\/icem-www.folkwang-uni.de\/icem-web\/wp-content\/uploads\/2018\/06\/ICEM-Medienstudio_DSC06055_web.jpg\"><img loading=\"lazy\" decoding=\"async\" class=\"alignnone wp-image-6383\" src=\"https:\/\/icem-www.folkwang-uni.de\/icem-web\/wp-content\/uploads\/2018\/06\/ICEM-Medienstudio_DSC06055_web-480x280.jpg\" alt=\"Medienstudio ICEM (c) Rebecca ter Braak 2018\" width=\"350\" height=\"234\" srcset=\"https:\/\/icem-www.folkwang-uni.de\/icem-web\/wp-content\/uploads\/2018\/06\/ICEM-Medienstudio_DSC06055_web-632x422.jpg 632w, https:\/\/icem-www.folkwang-uni.de\/icem-web\/wp-content\/uploads\/2018\/06\/ICEM-Medienstudio_DSC06055_web-768x512.jpg 768w, https:\/\/icem-www.folkwang-uni.de\/icem-web\/wp-content\/uploads\/2018\/06\/ICEM-Medienstudio_DSC06055_web-1020x681.jpg 1020w, https:\/\/icem-www.folkwang-uni.de\/icem-web\/wp-content\/uploads\/2018\/06\/ICEM-Medienstudio_DSC06055_web-600x400.jpg 600w, https:\/\/icem-www.folkwang-uni.de\/icem-web\/wp-content\/uploads\/2018\/06\/ICEM-Medienstudio_DSC06055_web-120x80.jpg 120w, https:\/\/icem-www.folkwang-uni.de\/icem-web\/wp-content\/uploads\/2018\/06\/ICEM-Medienstudio_DSC06055_web.jpg 1920w\" sizes=\"auto, (max-width: 350px) 100vw, 350px\" \/>\u00a0<\/a><a href=\"https:\/\/icem-www.folkwang-uni.de\/icem-web\/wp-content\/uploads\/2018\/06\/ICEM-Medienstudio_DSC06063_web.jpg\"><img loading=\"lazy\" decoding=\"async\" class=\"alignnone wp-image-6384\" src=\"https:\/\/icem-www.folkwang-uni.de\/icem-web\/wp-content\/uploads\/2018\/06\/ICEM-Medienstudio_DSC06063_web-480x280.jpg\" alt=\"Medienstudio ICEM (c) Rebecca ter Braak 2018\" width=\"350\" height=\"234\" srcset=\"https:\/\/icem-www.folkwang-uni.de\/icem-web\/wp-content\/uploads\/2018\/06\/ICEM-Medienstudio_DSC06063_web-632x422.jpg 632w, https:\/\/icem-www.folkwang-uni.de\/icem-web\/wp-content\/uploads\/2018\/06\/ICEM-Medienstudio_DSC06063_web-768x512.jpg 768w, https:\/\/icem-www.folkwang-uni.de\/icem-web\/wp-content\/uploads\/2018\/06\/ICEM-Medienstudio_DSC06063_web-1020x681.jpg 1020w, https:\/\/icem-www.folkwang-uni.de\/icem-web\/wp-content\/uploads\/2018\/06\/ICEM-Medienstudio_DSC06063_web-600x400.jpg 600w, https:\/\/icem-www.folkwang-uni.de\/icem-web\/wp-content\/uploads\/2018\/06\/ICEM-Medienstudio_DSC06063_web-120x80.jpg 120w, https:\/\/icem-www.folkwang-uni.de\/icem-web\/wp-content\/uploads\/2018\/06\/ICEM-Medienstudio_DSC06063_web.jpg 1920w\" sizes=\"auto, (max-width: 350px) 100vw, 350px\" \/><\/a><\/p>\n<p>Besonderheiten Nebenraum WW213:<\/p>\n<ul>\n<li>Grundfl\u00e4che etwa 10 Quadratmeter<\/li>\n<li>2 HD-Monitore Samsung S24E650<\/li>\n<li>Panasonic Video-Kontrol-Monitor BT-L2150<\/li>\n<li>Stereoabh\u00f6re mit 2 Adam F7 (2-Weg aktiv)<\/li>\n<li>Analog-Digitales Video\/Audio Steckfeld<\/li>\n<\/ul>\n<p><a href=\"https:\/\/icem-www.folkwang-uni.de\/icem-web\/wp-content\/uploads\/2018\/06\/ICEM-Medienstudio_DSC06091_web-e1530004930786.jpg\"><img loading=\"lazy\" decoding=\"async\" class=\"alignnone wp-image-6387\" src=\"https:\/\/icem-www.folkwang-uni.de\/icem-web\/wp-content\/uploads\/2018\/06\/ICEM-Medienstudio_DSC06091_web-480x280.jpg\" alt=\"Medienstudio ICEM (c) Rebecca ter Braak 2018\" width=\"350\" height=\"234\" \/><\/a><\/p>\n<div class=\"page\" title=\"Page 2\">\n<div class=\"layoutArea\">\n<div class=\"column\">\n<p>F\u00fcr die Produktion und Auff\u00fchrung von Videoinstallationen und Mehrkanal-Video-Konzerten verf\u00fcgt das Medienstudio \u00fcber diverses mobiles Aufnahme- und Projektionsequipment.<\/p>\n<p>Besonderheiten:<\/p>\n<\/div>\n<\/div>\n<\/div>\n<ul>\n<li>Nikon D800 incl. diverser Optiken, Rig- und Filtersystemen<\/li>\n<li>Sony PXW-Z100 Kompakter XDCAM-4K-Camcorder mit 1\/2,33\u201c&#8216;-Exmor-R-CMOS-Sensor<\/li>\n<li>Multichannel-Player-System mit 12 \u00a0HD oder 5 \u00a0UHD Kan\u00e4len, aufr\u00fcstbar auf 18 x HD oder 8 x UHD<\/li>\n<li>3 x Panasonic PT-D6000ES XGA Beamer 6000 ANSI Lumen mit Objektiv &#8211; Ratio 1,8-2,4:1<\/li>\n<li>4 x Acer H6517ST Kurzdistanz-Beamer 3000 ANSI Lumen mit Objektiv &#8211; Ratio 0,5:1<\/li>\n<li>4 x Sanyo PDG DXT 10L XGA Beamer 5200 ANSI Lumen mit Objektiv &#8211; Ratio 1,8-2,4:<\/li>\n<\/ul>\n<div class=\"page\" title=\"Page 2\">\n<div class=\"layoutArea\">\n<div class=\"column\">\n<p>Kontakt: <a href=\"https:\/\/icem-www.folkwang-uni.de\/icem-web\/kontaktformular?an=schlappa\">Michael Schlappa<\/a><\/p>\n<\/div>\n<\/div>\n<\/div>\n","protected":false},"excerpt":{"rendered":"<p>Das ICEM AV-Medienstudio ist f\u00fcr multimediale Produktionen jeglicher Art konzipiert. Hier k\u00f6nnen vom klassischen Filmprojekt (Schnitt) \u00fcber Videoinstallationen, Computeranimationen bis<\/p>\n","protected":false},"author":1,"featured_media":0,"parent":30,"menu_order":0,"comment_status":"closed","ping_status":"closed","template":"","meta":{"_acf_changed":false,"footnotes":""},"class_list":["post-251","page","type-page","status-publish","hentry"],"acf":[],"_links":{"self":[{"href":"https:\/\/icem-www.folkwang-uni.de\/icem-web\/wp-json\/wp\/v2\/pages\/251","targetHints":{"allow":["GET"]}}],"collection":[{"href":"https:\/\/icem-www.folkwang-uni.de\/icem-web\/wp-json\/wp\/v2\/pages"}],"about":[{"href":"https:\/\/icem-www.folkwang-uni.de\/icem-web\/wp-json\/wp\/v2\/types\/page"}],"author":[{"embeddable":true,"href":"https:\/\/icem-www.folkwang-uni.de\/icem-web\/wp-json\/wp\/v2\/users\/1"}],"replies":[{"embeddable":true,"href":"https:\/\/icem-www.folkwang-uni.de\/icem-web\/wp-json\/wp\/v2\/comments?post=251"}],"version-history":[{"count":26,"href":"https:\/\/icem-www.folkwang-uni.de\/icem-web\/wp-json\/wp\/v2\/pages\/251\/revisions"}],"predecessor-version":[{"id":6468,"href":"https:\/\/icem-www.folkwang-uni.de\/icem-web\/wp-json\/wp\/v2\/pages\/251\/revisions\/6468"}],"up":[{"embeddable":true,"href":"https:\/\/icem-www.folkwang-uni.de\/icem-web\/wp-json\/wp\/v2\/pages\/30"}],"wp:attachment":[{"href":"https:\/\/icem-www.folkwang-uni.de\/icem-web\/wp-json\/wp\/v2\/media?parent=251"}],"curies":[{"name":"wp","href":"https:\/\/api.w.org\/{rel}","templated":true}]}}

<p><a href="https://icem-www.folkwang-uni.de/icem-web/wp-content/uploads/2018/06/ICEM-Medienstudio_DSC06081_web.jpg"><img loading="lazy" decoding="async" class="alignnone wp-image-6385 size-large" src="https://icem-www.folkwang-uni.de/icem-web/wp-content/uploads/2018/06/ICEM-Medienstudio_DSC06081_web-1020x681.jpg" alt="Medienstudio ICEM (c) Rebecca ter Braak 2018" width="840" height="561" srcset="https://icem-www.folkwang-uni.de/icem-web/wp-content/uploads/2018/06/ICEM-Medienstudio_DSC06081_web-1020x681.jpg 1020w, https://icem-www.folkwang-uni.de/icem-web/wp-content/uploads/2018/06/ICEM-Medienstudio_DSC06081_web-632x422.jpg 632w, https://icem-www.folkwang-uni.de/icem-web/wp-content/uploads/2018/06/ICEM-Medienstudio_DSC06081_web-768x512.jpg 768w, https://icem-www.folkwang-uni.de/icem-web/wp-content/uploads/2018/06/ICEM-Medienstudio_DSC06081_web-600x400.jpg 600w, https://icem-www.folkwang-uni.de/icem-web/wp-content/uploads/2018/06/ICEM-Medienstudio_DSC06081_web-120x80.jpg 120w, https://icem-www.folkwang-uni.de/icem-web/wp-content/uploads/2018/06/ICEM-Medienstudio_DSC06081_web.jpg 1920w" sizes="auto, (max-width: 840px) 100vw, 840px" /></a></p>
<div class="page" title="Page 1">
<div class="layoutArea">
<div class="column">
<p>Das ICEM AV-Medienstudio ist für multimediale Produktionen jeglicher Art konzipiert. Hier können vom klassischen Filmprojekt (Schnitt) über Videoinstallationen, Computeranimationen bis hin zu aufwendigen Mehrkanal-Video-Kompositionen unterschiedlichste Vorhaben realisiert werden.</p>
</div>
</div>
</div>
<p>Das Studio dient ausserdem als multimedialer Unterrichtsraum, in dem folgende Lehrveranstaltungen stattfinden:</p>
<ul>
<li>ZKF/IKF Komposition &amp; Visualisierung (Einzel-/Gruppenunterricht)</li>
<li>MedienTheorie (Seminar)</li>
<li>FilmAnalyse (Seminar)</li>
<li>ComputerAnimation (Seminar)</li>
<li>Grundlagen Kamera und Filmschnitt (Seminar)</li>
</ul>
<div class="page" title="Page 1">
<div class="layoutArea">
<div class="column">
<p>Der Besuch der Seminare ist frei für alle Studiengänge (Optionale Studien)</p>
</div>
</div>
</div>
<p>Das Studio besteht aus einem Hauptraum (WW212) mit 4 Arbeitsplätzen, von denen zwei bei Bedarf in einen Nebenraum (WW213) umgeschaltet werden können. Dadurch sind diese unabhängig von den Lehrveranstaltungen für Studenten und Mitarbeiter während der Öffnungszeiten nutzbar.</p>
<p>Besonderheiten Hauptraum WW212:</p>
<ul>
<li>Grundfläche etwa 37 Quadratmeter</li>
<li>Akustik-Design von Karlheinz Stegmaier (Studioplan, Berlin)</li>
<li>Digital-Mischpult Yamaha 02R mit Meterbridge</li>
<li>Studio-Abhöre mit 5 Genelec 1032A (2-Weg aktiv) in IRT-Surround-Aufteilung und Subwoofer 1094A (5.1-Konfiguration)</li>
<li>Elektronische Abhörsteuerung Audio216 Zweikanal, Vierkanal und Surround</li>
<li>Analog-Steckfelder, Digital-Steckfelder und Studio-Verbindungsleitungen</li>
<li>zwei Video-Kontroll-Monitore für 2D und 3D Inhalte (TVlogic TDM-243W und Sony LMD 2450W)</li>
<li>HD-Beamer mit Permanent-Großformat-Leinwand</li>
<li>Computer-Animation mit Cinema4D</li>
<li>Video-Schnittsystem/Farbkorrektursystem DaVinci Resolve</li>
<li>4K Hauptarbeitsplatz</li>
<li>Farbkorrektur-Arbeitsplatz</li>
<li>zwei zusätzliche Rechner-Arbeitsplätze mit Zugriff auf das 2D/3D-Bearbeitungsprogramm</li>
<li>MIDI-Master-Keyboard</li>
<li>Rechner-Cluster für Rendering/Computer-Animation (im Serverraum WW210)</li>
</ul>
<p><a href="https://icem-www.folkwang-uni.de/icem-web/wp-content/uploads/2018/06/ICEM-Medienstudio_DSC06055_web.jpg"><img loading="lazy" decoding="async" class="alignnone wp-image-6383" src="https://icem-www.folkwang-uni.de/icem-web/wp-content/uploads/2018/06/ICEM-Medienstudio_DSC06055_web-480x280.jpg" alt="Medienstudio ICEM (c) Rebecca ter Braak 2018" width="350" height="234" srcset="https://icem-www.folkwang-uni.de/icem-web/wp-content/uploads/2018/06/ICEM-Medienstudio_DSC06055_web-632x422.jpg 632w, https://icem-www.folkwang-uni.de/icem-web/wp-content/uploads/2018/06/ICEM-Medienstudio_DSC06055_web-768x512.jpg 768w, https://icem-www.folkwang-uni.de/icem-web/wp-content/uploads/2018/06/ICEM-Medienstudio_DSC06055_web-1020x681.jpg 1020w, https://icem-www.folkwang-uni.de/icem-web/wp-content/uploads/2018/06/ICEM-Medienstudio_DSC06055_web-600x400.jpg 600w, https://icem-www.folkwang-uni.de/icem-web/wp-content/uploads/2018/06/ICEM-Medienstudio_DSC06055_web-120x80.jpg 120w, https://icem-www.folkwang-uni.de/icem-web/wp-content/uploads/2018/06/ICEM-Medienstudio_DSC06055_web.jpg 1920w" sizes="auto, (max-width: 350px) 100vw, 350px" /> </a><a href="https://icem-www.folkwang-uni.de/icem-web/wp-content/uploads/2018/06/ICEM-Medienstudio_DSC06063_web.jpg"><img loading="lazy" decoding="async" class="alignnone wp-image-6384" src="https://icem-www.folkwang-uni.de/icem-web/wp-content/uploads/2018/06/ICEM-Medienstudio_DSC06063_web-480x280.jpg" alt="Medienstudio ICEM (c) Rebecca ter Braak 2018" width="350" height="234" srcset="https://icem-www.folkwang-uni.de/icem-web/wp-content/uploads/2018/06/ICEM-Medienstudio_DSC06063_web-632x422.jpg 632w, https://icem-www.folkwang-uni.de/icem-web/wp-content/uploads/2018/06/ICEM-Medienstudio_DSC06063_web-768x512.jpg 768w, https://icem-www.folkwang-uni.de/icem-web/wp-content/uploads/2018/06/ICEM-Medienstudio_DSC06063_web-1020x681.jpg 1020w, https://icem-www.folkwang-uni.de/icem-web/wp-content/uploads/2018/06/ICEM-Medienstudio_DSC06063_web-600x400.jpg 600w, https://icem-www.folkwang-uni.de/icem-web/wp-content/uploads/2018/06/ICEM-Medienstudio_DSC06063_web-120x80.jpg 120w, https://icem-www.folkwang-uni.de/icem-web/wp-content/uploads/2018/06/ICEM-Medienstudio_DSC06063_web.jpg 1920w" sizes="auto, (max-width: 350px) 100vw, 350px" /></a></p>
<p>Besonderheiten Nebenraum WW213:</p>
<ul>
<li>Grundfläche etwa 10 Quadratmeter</li>
<li>2 HD-Monitore Samsung S24E650</li>
<li>Panasonic Video-Kontrol-Monitor BT-L2150</li>
<li>Stereoabhöre mit 2 Adam F7 (2-Weg aktiv)</li>
<li>Analog-Digitales Video/Audio Steckfeld</li>
</ul>
<p><a href="https://icem-www.folkwang-uni.de/icem-web/wp-content/uploads/2018/06/ICEM-Medienstudio_DSC06091_web-e1530004930786.jpg"><img loading="lazy" decoding="async" class="alignnone wp-image-6387" src="https://icem-www.folkwang-uni.de/icem-web/wp-content/uploads/2018/06/ICEM-Medienstudio_DSC06091_web-480x280.jpg" alt="Medienstudio ICEM (c) Rebecca ter Braak 2018" width="350" height="234" /></a></p>
<div class="page" title="Page 2">
<div class="layoutArea">
<div class="column">
<p>Für die Produktion und Aufführung von Videoinstallationen und Mehrkanal-Video-Konzerten verfügt das Medienstudio über diverses mobiles Aufnahme- und Projektionsequipment.</p>
<p>Besonderheiten:</p>
</div>
</div>
</div>
<ul>
<li>Nikon D800 incl. diverser Optiken, Rig- und Filtersystemen</li>
<li>Sony PXW-Z100 Kompakter XDCAM-4K-Camcorder mit 1/2,33“&#8216;-Exmor-R-CMOS-Sensor</li>
<li>Multichannel-Player-System mit 12  HD oder 5  UHD Kanälen, aufrüstbar auf 18 x HD oder 8 x UHD</li>
<li>3 x Panasonic PT-D6000ES XGA Beamer 6000 ANSI Lumen mit Objektiv &#8211; Ratio 1,8-2,4:1</li>
<li>4 x Acer H6517ST Kurzdistanz-Beamer 3000 ANSI Lumen mit Objektiv &#8211; Ratio 0,5:1</li>
<li>4 x Sanyo PDG DXT 10L XGA Beamer 5200 ANSI Lumen mit Objektiv &#8211; Ratio 1,8-2,4:</li>
</ul>
<div class="page" title="Page 2">
<div class="layoutArea">
<div class="column">
<p>Kontakt: <a href="https://icem-www.folkwang-uni.de/icem-web/kontaktformular?an=schlappa">Michael Schlappa</a></p>
</div>
</div>
</div>

<p>Das ICEM AV-Medienstudio ist für multimediale Produktionen jeglicher Art konzipiert. Hier können vom klassischen Filmprojekt (Schnitt) über Videoinstallationen, Computeranimationen bis</p>
