{"id":4064,"date":"2016-12-07T16:09:30","date_gmt":"2016-12-07T15:09:30","guid":{"rendered":"http:\/\/icem-www.folkwang-uni.de\/icem-web\/?page_id=4064"},"modified":"2018-12-12T11:56:55","modified_gmt":"2018-12-12T10:56:55","slug":"artist-in-progress","status":"publish","type":"page","link":"https:\/\/icem-www.folkwang-uni.de\/icem-web\/artist-in-progress\/","title":{"rendered":"Artist in Progress"},"content":{"rendered":"<p>Durch eine F\u00f6rderung des Wissenschaftsministeriums des Landes NRW im Rahmen des Landesprogramms f\u00fcr geschlechtergerechte Hochschulen konnten wir <a href=\"http:\/\/www.christiane-strothmann.de\">Christiane Strothmann<\/a> als &#8222;Artist in Progress&#8220; f\u00fcr die Jahre 2016-2018 gewinnen. Sie arbeitete w\u00e4hrend dieser Zeit an dem Projekt &#8222;Electroacoustics meets B\u00f6n&#8220;, einem Forschungsprojekt, das sich\u00a0\u00a0sowohl mit kompositorisch-k\u00fcnstlerischen wie auch musikethnologischen Fragestellungen in Bezug auf die tibetische Tradition des Yungdrung B\u00f6n auseinandergesetzt hat.<\/p>\n<p><a href=\"https:\/\/icem-www.folkwang-uni.de\/icem-web\/dokumentation-electroacoustics-meets-boen-uebersicht\/\">Zur Dokumentation<\/a><\/p>\n<p><a href=\"https:\/\/icem-www.folkwang-uni.de\/icem-web\/die-fuenf-elemente-electroacoustic-meets-boen\/\">[Staff]<\/a><\/p>\n","protected":false},"excerpt":{"rendered":"<p>Durch eine F\u00f6rderung des Wissenschaftsministeriums des Landes NRW im Rahmen des Landesprogramms f\u00fcr geschlechtergerechte Hochschulen konnten wir Christiane Strothmann als<\/p>\n","protected":false},"author":3,"featured_media":0,"parent":0,"menu_order":0,"comment_status":"closed","ping_status":"closed","template":"template-centered.php","meta":{"_acf_changed":false,"footnotes":""},"class_list":["post-4064","page","type-page","status-publish","hentry"],"acf":[],"_links":{"self":[{"href":"https:\/\/icem-www.folkwang-uni.de\/icem-web\/wp-json\/wp\/v2\/pages\/4064","targetHints":{"allow":["GET"]}}],"collection":[{"href":"https:\/\/icem-www.folkwang-uni.de\/icem-web\/wp-json\/wp\/v2\/pages"}],"about":[{"href":"https:\/\/icem-www.folkwang-uni.de\/icem-web\/wp-json\/wp\/v2\/types\/page"}],"author":[{"embeddable":true,"href":"https:\/\/icem-www.folkwang-uni.de\/icem-web\/wp-json\/wp\/v2\/users\/3"}],"replies":[{"embeddable":true,"href":"https:\/\/icem-www.folkwang-uni.de\/icem-web\/wp-json\/wp\/v2\/comments?post=4064"}],"version-history":[{"count":9,"href":"https:\/\/icem-www.folkwang-uni.de\/icem-web\/wp-json\/wp\/v2\/pages\/4064\/revisions"}],"predecessor-version":[{"id":4068,"href":"https:\/\/icem-www.folkwang-uni.de\/icem-web\/wp-json\/wp\/v2\/pages\/4064\/revisions\/4068"}],"wp:attachment":[{"href":"https:\/\/icem-www.folkwang-uni.de\/icem-web\/wp-json\/wp\/v2\/media?parent=4064"}],"curies":[{"name":"wp","href":"https:\/\/api.w.org\/{rel}","templated":true}]}}