{"id":5917,"date":"2018-04-09T15:40:38","date_gmt":"2018-04-09T13:40:38","guid":{"rendered":"https:\/\/icem-www.folkwang-uni.de\/icem-web\/?page_id=5917"},"modified":"2023-10-19T15:25:01","modified_gmt":"2023-10-19T13:25:01","slug":"unterstuetzung-von-veranstaltungen","status":"publish","type":"page","link":"https:\/\/icem-www.folkwang-uni.de\/icem-web\/unterstuetzung-von-veranstaltungen\/","title":{"rendered":"Unterst\u00fctzung von Veranstaltungen"},"content":{"rendered":"<h4>Sie brauchen ein paar Ger\u00e4te f\u00fcr eine Hochschulveranstaltung oder Probe und k\u00f6nnen diese selbst bedienen?<\/h4>\n<p>Rufen Sie an (0201-4903-171). Bei Beratungsbedarf kommen Sie direkt vorbei im ICEM (Geb\u00e4ude der neuen Aula unterm Dach, ja, auch noch die Holztreppe hoch). Achtung: Die Mitarbeiter sind h\u00e4ufig auch in anderen Geb\u00e4ude(teilen) unterwegs (Veranstaltungsbetreuung, Studiowartung etc.) und nicht regelm\u00e4\u00dfig im B\u00fcro anzutreffen. Eine Terminvereinbarung per Mail kann sinnvoll sein.<\/p>\n<p>Ist die Veranstaltung\/Probe auf dem Campus Werden (incl. Wesselswerth und Weisse M\u00fchle), k\u00f6nnen Sie die Ger\u00e4te direkt mitnehmen.<\/p>\n<p>Ist die Veranstaltung\/Probe woanders, m\u00fcssen die Ger\u00e4te versichert werden. Dazu m\u00fcssen Sie zusammen mit Jorge Vallejo \u00a0genau spezifizieren, was Sie brauchen. Darauf bekommen Sie eine Email was Sie wohin \u00fcberweisen m\u00fcssen. Mit dem \u00dcberweisungsbeleg\/Onlineausdruck kommen Sie ins ICEM und bekommen die Ger\u00e4te. Diese sind dann (bei einer Selbstbeteiligung von 150 Euro) gegen Schaden oder Diebstahl versichert.<\/p>\n<p>Bitte haben Sie Verst\u00e4ndnis, dass wir besonders teure oder empfindliche Ger\u00e4te nur an entsprechend qualifizierte Personen ausgeben, die mit diesen Ger\u00e4ten die notwendige Erfahrung haben.<\/p>\n<h5>Sie sind StudentIn und brauchen Ger\u00e4te?<\/h5>\n<p>Dann k\u00f6nnen Sie auch Ger\u00e4te aus der SAMA (Studentische Ausleih Medien Anlage) leihen. Diese steht ausschliesslich Studierenden zur Verf\u00fcgung. Die Ausleihe wird von einer studentische Hilfskraft organisiert. Diese ist unter <a href=\"mailto:sama@folkwang-uni.de\">sama@folkwang-uni.de<\/a> per Mail zu erreichen. Er\u00a0kann Ihnen auch genau Auskunft \u00fcber die vorhandenen Ger\u00e4te geben.Hier m\u00fcssen Sie nichts versichern und es wird auch nicht gefragt, ob es sich um eine Hochschulveranstaltung handelt.\u00a0Die SAMA ist <em>nicht<\/em> Teil des ICEM, sondern eine rein studentische Angelegenheit. Sie wurde auf zwar unsere Initiative hin eingerichtet, wir sind dar\u00fcberhinaus aber nur beratend t\u00e4tig, z.B. was die Auswahl und Service der \u00a0Ger\u00e4te angeht.<\/p>\n<h4>Sie brauchen auch qualifiziertes Personal, das die Technik einrichten und bedienen kann?<\/h4>\n<p>Bitte melden Sie sich bei uns. Je aufw\u00e4ndiger die Veranstaltung, desto fr\u00fcher. Bitte haben Sie Verst\u00e4ndnis, dass wir auf Grund begrenzter Ressourcen nicht alle W\u00fcnsche erf\u00fcllen k\u00f6nnen, wir helfen gerne, sind aber nicht in erster Linie f\u00fcr die Betreuung von Veranstaltungen zust\u00e4ndig.<\/p>\n","protected":false},"excerpt":{"rendered":"<p>Sie brauchen ein paar Ger\u00e4te f\u00fcr eine Hochschulveranstaltung oder Probe und k\u00f6nnen diese selbst bedienen? Rufen Sie an (0201-4903-171). Bei<\/p>\n","protected":false},"author":3,"featured_media":0,"parent":0,"menu_order":0,"comment_status":"closed","ping_status":"closed","template":"","meta":{"_acf_changed":false,"footnotes":""},"class_list":["post-5917","page","type-page","status-publish","hentry"],"acf":[],"_links":{"self":[{"href":"https:\/\/icem-www.folkwang-uni.de\/icem-web\/wp-json\/wp\/v2\/pages\/5917","targetHints":{"allow":["GET"]}}],"collection":[{"href":"https:\/\/icem-www.folkwang-uni.de\/icem-web\/wp-json\/wp\/v2\/pages"}],"about":[{"href":"https:\/\/icem-www.folkwang-uni.de\/icem-web\/wp-json\/wp\/v2\/types\/page"}],"author":[{"embeddable":true,"href":"https:\/\/icem-www.folkwang-uni.de\/icem-web\/wp-json\/wp\/v2\/users\/3"}],"replies":[{"embeddable":true,"href":"https:\/\/icem-www.folkwang-uni.de\/icem-web\/wp-json\/wp\/v2\/comments?post=5917"}],"version-history":[{"count":4,"href":"https:\/\/icem-www.folkwang-uni.de\/icem-web\/wp-json\/wp\/v2\/pages\/5917\/revisions"}],"predecessor-version":[{"id":9818,"href":"https:\/\/icem-www.folkwang-uni.de\/icem-web\/wp-json\/wp\/v2\/pages\/5917\/revisions\/9818"}],"wp:attachment":[{"href":"https:\/\/icem-www.folkwang-uni.de\/icem-web\/wp-json\/wp\/v2\/media?parent=5917"}],"curies":[{"name":"wp","href":"https:\/\/api.w.org\/{rel}","templated":true}]}}