{"id":6084,"date":"2018-04-19T15:07:04","date_gmt":"2018-04-19T13:07:04","guid":{"rendered":"https:\/\/icem-www.folkwang-uni.de\/icem-web\/?page_id=6084"},"modified":"2020-10-14T13:07:28","modified_gmt":"2020-10-14T11:07:28","slug":"ueber-das-institut","status":"publish","type":"page","link":"https:\/\/icem-www.folkwang-uni.de\/icem-web\/ueber-das-institut\/","title":{"rendered":"\u00dcber das Institut"},"content":{"rendered":"<p>Das ICEM ist das \u00e4lteste fachbereichs\u00fcbergreifende Institut (Gr\u00fcndung 1990) \u00a0der Folkwang Universit\u00e4t der K\u00fcnste. Seine Aufgaben sind laut Institutsordnung:<\/p>\n<ul>\n<li>\u00a0Erforschung von kunstrelevanten Gebieten aus Informatik und Medientechnologie f\u00fcr die kompositorische Verwendung in den musikalisch-akustischen, visuellen und darstellenden K\u00fcnsten.<\/li>\n<li>Die Umsetzung der Forschungsresultate in k\u00fcnstlerischen Projekte und Entwicklungsvorhaben.<\/li>\n<li>\u00a0Fachbereichs\u00fcbergreifende R\u00fcckbindung der Forschungs- und Entwicklungsprojekte in die Lehre.<\/li>\n<li>\u00a0Erstellung, Betreuung und Durchf\u00fchrung von Lehrveranstaltungen und Studienangeboten mit hohem Einsatz elektronischer Medien.<\/li>\n<li>\u00a0Koordination und Unterst\u00fctzung nationaler und internationaler Zusammenarbeit in den in Absatz 1-3 genannten Gebieten u.a. durch die Organisation von k\u00fcnstlerischen und wisse schaftlichen Veranstaltungen.<\/li>\n<li>Betreuung von k\u00fcnstlerischen Projekten und Veranstaltungen, in denen elektronische Medien zur Realisation eingesetzt werden.<\/li>\n<\/ul>\n<div class=\"page\" title=\"Page 6\">\n<div class=\"section\">\n<div class=\"layoutArea\">\n<div class=\"column\">\n<p>Dementsprechend \u00a0gliedert sich das ICEM in verschiedene Organisationseinheiten mit unterschiedlichen Schwerpunkten:<\/p>\n<ul>\n<li>Musikinformatik und Computermusik<\/li>\n<li>Audiovisuelle Medien<\/li>\n<li>elektronische Medien in der Popularmusik<\/li>\n<li>Tonaufzeichnung<\/li>\n<li>Klangprojektion<\/li>\n<li>Archivierung und Bewahrung des k\u00fcnstlerischen Schaffens.<\/li>\n<\/ul>\n<p><span style=\"font-size: 1.0625rem;\">und betreut die zugeh\u00f6rigen Einrichtungen der Hochschule, \u00a0insbesondere:<\/span><\/p>\n<ul>\n<li>Studios f\u00fcr Computermusik<\/li>\n<li><span style=\"font-size: 1.0625rem;\">AV Studios<\/span><\/li>\n<li><span style=\"font-size: 1.0625rem;\">Tonaufnahmestudios<\/span><\/li>\n<li><span style=\"font-size: 1.0625rem;\">Projekt- und \u00dcbestudios<\/span><\/li>\n<li><span style=\"font-size: 1.0625rem;\">\u00a0Medienarchive und Ger\u00e4tesammlungen<\/span><\/li>\n<\/ul>\n<p><span style=\"font-size: 1.0625rem;\">Das ICEM wird von einem Institutsrat geleitet, dem z.Zt angeh\u00f6ren:<\/span><\/p>\n<\/div>\n<\/div>\n<\/div>\n<\/div>\n<ul>\n<li>Prof. Thomas Neuhaus (Musikinformatik, Vorsitz)<\/li>\n<li>Prof. Dr. Andreas Jacob (Rektor, als Rektoratsmitglied)<\/li>\n<li>Prof. Dietrich Hahne (Komposition und Visualisierung)<\/li>\n<li>Prof. G\u00fcnter Steinke (Instrumentalkomposition)<\/li>\n<li>Prof. Stefan H\u00fcfner (Popkomposition)<\/li>\n<li>Max Schmitz (Technischer Koordinator des ICEM)<\/li>\n<li>Sebastian Wendt (Studentischer Vertreter)<\/li>\n<\/ul>\n<p><a href=\"https:\/\/icem-www.folkwang-uni.de\/icem-web\/wp-content\/uploads\/2018\/04\/Nr.-199-Institutsordnung-ICEM.pdf\">Hier die aktuelle \u00a0Institutsordnung des ICEM<\/a><\/p>\n","protected":false},"excerpt":{"rendered":"<p>Das ICEM ist das \u00e4lteste fachbereichs\u00fcbergreifende Institut (Gr\u00fcndung 1990) \u00a0der Folkwang Universit\u00e4t der K\u00fcnste. Seine Aufgaben sind laut Institutsordnung: \u00a0Erforschung<\/p>\n","protected":false},"author":3,"featured_media":0,"parent":0,"menu_order":0,"comment_status":"closed","ping_status":"closed","template":"","meta":{"_acf_changed":false,"footnotes":""},"class_list":["post-6084","page","type-page","status-publish","hentry"],"acf":[],"_links":{"self":[{"href":"https:\/\/icem-www.folkwang-uni.de\/icem-web\/wp-json\/wp\/v2\/pages\/6084","targetHints":{"allow":["GET"]}}],"collection":[{"href":"https:\/\/icem-www.folkwang-uni.de\/icem-web\/wp-json\/wp\/v2\/pages"}],"about":[{"href":"https:\/\/icem-www.folkwang-uni.de\/icem-web\/wp-json\/wp\/v2\/types\/page"}],"author":[{"embeddable":true,"href":"https:\/\/icem-www.folkwang-uni.de\/icem-web\/wp-json\/wp\/v2\/users\/3"}],"replies":[{"embeddable":true,"href":"https:\/\/icem-www.folkwang-uni.de\/icem-web\/wp-json\/wp\/v2\/comments?post=6084"}],"version-history":[{"count":3,"href":"https:\/\/icem-www.folkwang-uni.de\/icem-web\/wp-json\/wp\/v2\/pages\/6084\/revisions"}],"predecessor-version":[{"id":8783,"href":"https:\/\/icem-www.folkwang-uni.de\/icem-web\/wp-json\/wp\/v2\/pages\/6084\/revisions\/8783"}],"wp:attachment":[{"href":"https:\/\/icem-www.folkwang-uni.de\/icem-web\/wp-json\/wp\/v2\/media?parent=6084"}],"curies":[{"name":"wp","href":"https:\/\/api.w.org\/{rel}","templated":true}]}}