{"id":7755,"date":"2018-12-12T15:18:42","date_gmt":"2018-12-12T14:18:42","guid":{"rendered":"https:\/\/icem-www.folkwang-uni.de\/icem-web\/?page_id=7755"},"modified":"2018-12-12T16:13:39","modified_gmt":"2018-12-12T15:13:39","slug":"was-nicht-geht-kompositorische-prinzipien-kulturellen-respekts","status":"publish","type":"page","link":"https:\/\/icem-www.folkwang-uni.de\/icem-web\/artist-in-progress\/dokumentation-electroacoustics-meets-boen-uebersicht\/was-nicht-geht-kompositorische-prinzipien-kulturellen-respekts\/","title":{"rendered":"Was nicht geht. &#8211; Kompositorische Prinzipien kulturellen Respekts"},"content":{"rendered":"<p>Es gab zu Anfang des Kompositionsprozesses nicht nur Fragen, denen ich nachgehen wollte, sondern auch strikte kompositorische Verbote, die ich mir selbst setzte. Diese Verbote ergaben sich aus etwas, das ich &#8222;Kompositorische Prinzipen kulturellen Respekts&#8220; nennen m\u00f6chte. Es geht dabei um diejenigen k\u00fcnstlerischen Handlungsweisen, von denen ich der Auffassung bin, dass sie direkt in die Exostisierung der anderen Kultur f\u00fchren, mit der man es zu tun hat. Bei einer solchen wird das &#8222;aufregend Fremde&#8220; der anderen Kultur in die eigene Komposition eingebaut, ohne dass sich dabei die M\u00fche gemacht wird, dieses &#8222;Fremde&#8220; angemessen zu durchdringen, mit ihm zu ringen und sich dabei, wenn n\u00f6tig, auch selbst innerlich nicht unbedeutend zu bewegen\/ver\u00e4ndern. Man h\u00e4lt die andere Kultur quasi &#8222;lustvoll&#8220; auf Distanz und schl\u00e4gt aus der daraus resultierenden kulturellen Oberfl\u00e4chlichkeit k\u00fcnstlerisches Kapital. Das wollte ich nicht und setzte mir deshalb folgende Verbote:<\/p>\n<p>1. Ich werde keine B\u00f6n Ritualinstrumente und keine M\u00f6nchs- oder Nonnenges\u00e4nge samplen und in die Komposition einbauen. Auch dann nicht, wenn diese so ver\u00e4ndert werden sollten, dass man sie \u00fcber das H\u00f6ren nicht mehr als solche erkennen kann.<\/p>\n<p>2. Ich werde keine Soundscapes oder sonstigen Aufnahmen aus der Klosterumgebung in die Komposition einbauen. Insbesondere werde ich nicht Soundscapes aus beiden Welten (Deutschland und Indien) zu einer Soundcollage zusammenf\u00fchren.<\/p>\n<p>3. Ich werde keine Ritualmusik &#8222;nachkomponieren&#8220;.<\/p>\n<p>Was ich verwenden wollte, um mich kompositorisch der Musik des B\u00f6n zu n\u00e4hern, sollten ausschlie\u00dflich Materialien sein, die die Vertreter des B\u00f6n bereits selbst dem Westen zur Verf\u00fcgung gestellt haben. Dies sind im Wesentlichen ins Englische \u00fcbersetzte Schriften und \u00dcbungen.<\/p>\n<p>Die folgenden Artikel stellen im Wesentlichen dar, wie ich Teile aus diesen auf meinen eigenen Kompositionsprozess anwende.<\/p>\n","protected":false},"excerpt":{"rendered":"<p>Es gab zu Anfang des Kompositionsprozesses nicht nur Fragen, denen ich nachgehen wollte, sondern auch strikte kompositorische Verbote, die ich<\/p>\n","protected":false},"author":21,"featured_media":0,"parent":7674,"menu_order":0,"comment_status":"closed","ping_status":"closed","template":"template-centered.php","meta":{"_acf_changed":false,"footnotes":""},"class_list":["post-7755","page","type-page","status-publish","hentry"],"acf":[],"_links":{"self":[{"href":"https:\/\/icem-www.folkwang-uni.de\/icem-web\/wp-json\/wp\/v2\/pages\/7755","targetHints":{"allow":["GET"]}}],"collection":[{"href":"https:\/\/icem-www.folkwang-uni.de\/icem-web\/wp-json\/wp\/v2\/pages"}],"about":[{"href":"https:\/\/icem-www.folkwang-uni.de\/icem-web\/wp-json\/wp\/v2\/types\/page"}],"author":[{"embeddable":true,"href":"https:\/\/icem-www.folkwang-uni.de\/icem-web\/wp-json\/wp\/v2\/users\/21"}],"replies":[{"embeddable":true,"href":"https:\/\/icem-www.folkwang-uni.de\/icem-web\/wp-json\/wp\/v2\/comments?post=7755"}],"version-history":[{"count":6,"href":"https:\/\/icem-www.folkwang-uni.de\/icem-web\/wp-json\/wp\/v2\/pages\/7755\/revisions"}],"predecessor-version":[{"id":7774,"href":"https:\/\/icem-www.folkwang-uni.de\/icem-web\/wp-json\/wp\/v2\/pages\/7755\/revisions\/7774"}],"up":[{"embeddable":true,"href":"https:\/\/icem-www.folkwang-uni.de\/icem-web\/wp-json\/wp\/v2\/pages\/7674"}],"wp:attachment":[{"href":"https:\/\/icem-www.folkwang-uni.de\/icem-web\/wp-json\/wp\/v2\/media?parent=7755"}],"curies":[{"name":"wp","href":"https:\/\/api.w.org\/{rel}","templated":true}]}}