{"id":9968,"date":"2024-04-11T16:12:21","date_gmt":"2024-04-11T14:12:21","guid":{"rendered":"https:\/\/icem-www.folkwang-uni.de\/icem-web\/?page_id=9968"},"modified":"2025-07-19T22:24:09","modified_gmt":"2025-07-19T20:24:09","slug":"studiofeedback-projektstudio-ww","status":"publish","type":"page","link":"https:\/\/icem-www.folkwang-uni.de\/icem-web\/studiofeedback-projektstudio-ww\/","title":{"rendered":"Studiofeedback: Projektstudio WW"},"content":{"rendered":"\n<p>Hier habt Ihr die M\u00f6glichkeit, Feedback zum Projektstudio zu hinterlassen. Bitte pr\u00fcft vorher die bereits vorliegenden Kommentare, ob Euer Anliegen bereits erw\u00e4hnt wurde.<\/p>\n\n\n\n<p><\/p>\n","protected":false},"excerpt":{"rendered":"<p>Hier habt Ihr die M\u00f6glichkeit, Feedback zum Projektstudio zu hinterlassen. Bitte pr\u00fcft vorher die bereits vorliegenden Kommentare, ob Euer Anliegen<\/p>\n","protected":false},"author":1,"featured_media":0,"parent":0,"menu_order":0,"comment_status":"open","ping_status":"closed","template":"","meta":{"_acf_changed":false,"footnotes":""},"class_list":["post-9968","page","type-page","status-publish","hentry"],"acf":[],"_links":{"self":[{"href":"https:\/\/icem-www.folkwang-uni.de\/icem-web\/wp-json\/wp\/v2\/pages\/9968","targetHints":{"allow":["GET"]}}],"collection":[{"href":"https:\/\/icem-www.folkwang-uni.de\/icem-web\/wp-json\/wp\/v2\/pages"}],"about":[{"href":"https:\/\/icem-www.folkwang-uni.de\/icem-web\/wp-json\/wp\/v2\/types\/page"}],"author":[{"embeddable":true,"href":"https:\/\/icem-www.folkwang-uni.de\/icem-web\/wp-json\/wp\/v2\/users\/1"}],"replies":[{"embeddable":true,"href":"https:\/\/icem-www.folkwang-uni.de\/icem-web\/wp-json\/wp\/v2\/comments?post=9968"}],"version-history":[{"count":2,"href":"https:\/\/icem-www.folkwang-uni.de\/icem-web\/wp-json\/wp\/v2\/pages\/9968\/revisions"}],"predecessor-version":[{"id":10513,"href":"https:\/\/icem-www.folkwang-uni.de\/icem-web\/wp-json\/wp\/v2\/pages\/9968\/revisions\/10513"}],"wp:attachment":[{"href":"https:\/\/icem-www.folkwang-uni.de\/icem-web\/wp-json\/wp\/v2\/media?parent=9968"}],"curies":[{"name":"wp","href":"https:\/\/api.w.org\/{rel}","templated":true}]}}